
Is 67627 a prime number?
False
Is 11791 composite?
True
Is 20171 composite?
True
Is 2657 prime?
True
Is 24847 a prime number?
True
Is 3389 a prime number?
True
Is 633 composite?
True
Is 22787 composite?
False
Is 573785 composite?
True
Is 7279 composite?
True
Is 173833 a prime number?
False
Is 77 a composite number?
True
Is 117103 composite?
True
Is 81749 a composite number?
False
Is 57269 prime?
True
Is 17245 a prime number?
False
Is 12883 composite?
True
Is 162062 prime?
False
Is 5077 a composite number?
False
Is 14579 a composite number?
True
Is 12734 composite?
True
Is 96137 a prime number?
True
Is 31829 a composite number?
True
Is 47338 a composite number?
True
Is 28277 prime?
True
Is 154277 a prime number?
True
Is 606421 prime?
False
Is 7349 a composite number?
False
Is 423581 composite?
False
Is 8513 composite?
False
Is 76721 prime?
False
Is 265 a composite number?
True
Is 14743 a prime number?
False
Is 151705 a composite number?
True
Is 358877 composite?
False
Is 4153 a prime number?
True
Is 437669 a prime number?
False
Is 7295 a prime number?
False
Is 2749 composite?
False
Is 25501 composite?
True
Is 332727 a prime number?
False
Is 24355 composite?
True
Is 8101 prime?
True
Is 101261 prime?
False
Is 1442473 prime?
False
Is 7787 composite?
True
Is 137986 prime?
False
Is 631 composite?
False
Is 27721 a composite number?
True
Is 7801 a prime number?
False
Is 188459 prime?
True
Is 341797 a composite number?
True
Is 409537 composite?
True
Is 1201 a prime number?
True
Is 224585 a prime number?
False
Is 2137 prime?
True
Is 67493 prime?
True
Is 537091 a prime number?
True
Is 374197 prime?
False
Is 66911 composite?
True
Is 215533 a composite number?
True
Is 1975101 composite?
True
Is 786607 a prime number?
False
Is 56981 a prime number?
False
Is 815 prime?
False
Is 1259 prime?
True
Is 139889 a prime number?
False
Is 45701 composite?
True
Is 6001 prime?
False
Is 629 prime?
False
Is 181813 composite?
False
Is 10369 composite?
False
Is 97283 composite?
False
Is 15061 a composite number?
False
Is 495221 composite?
False
Is 59809 a composite number?
False
Is 70841 a composite number?
False
Is 29333 a prime number?
True
Is 530831 a composite number?
True
Is 573437 prime?
True
Is 1297 a prime number?
True
Is 7069 prime?
True
Is 398105 composite?
True
Is 11129 a composite number?
True
Is 201193 composite?
False
Is 94573 a prime number?
True
Is 68261 a prime number?
True
Is 521 composite?
False
Is 160463 prime?
False
Is 314099 a composite number?
True
Is 35069 composite?
False
Is 4967 prime?
True
Is 13643 composite?
True
Is 51919 a composite number?
True
Is 40363 composite?
True
Is 5414 a prime number?
False
Is 43657 prime?
False
Is 2940163 prime?
True
Is 4359 composite?
True
Is 663617 a composite number?
True
Is 4373 composite?
False
Is 75161 prime?
True
Is 293 a composite number?
False
Is 85843 a prime number?
True
Is 10973 a composite number?
False
Is 13397 composite?
False
Is 569401 a prime number?
False
Is 194861 prime?
True
Is 679 composite?
True
Is 22853 a composite number?
False
Is 5017003 prime?
True
Is 1088507 composite?
True
Is 4229 composite?
False
Is 39661 a prime number?
False
Is 26231 a prime number?
False
Is 13849 composite?
True
Is 58013 composite?
False
Is 530017 a prime number?
True
Is 15653 prime?
False
Is 779318 a composite number?
True
Is 66494 a prime number?
False
Is 246163 composite?
True
Is 122807 prime?
False
Is 515911 a prime number?
False
Is 87509 prime?
True
Is 62669 prime?
False
Is 101677 a composite number?
True
Is 12317 prime?
False
Is 167161 prime?
False
Is 33038 composite?
True
Is 2633 a composite number?
False
Is 5779 a composite number?
False
Is 42301 a prime number?
False
Is 34819 prime?
True
Is 28349 a composite number?
False
Is 10361 prime?
False
Is 6883 a composite number?
False
Is 785941 composite?
True
Is 94909 prime?
False
Is 47063 prime?
False
Is 76303 a prime number?
True
Is 452937 prime?
False
Is 29409 a prime number?
False
Is 12097 a composite number?
False
Is 52267 a composite number?
False
Is 5143 prime?
False
Is 76907 a composite number?
False
Is 42937 a composite number?
False
Is 3551 composite?
True
Is 147841 a composite number?
True
Is 346831 composite?
False
Is 317651 a prime number?
True
Is 75611 composite?
False
Is 20199 composite?
True
Is 1357 a prime number?
False
Is 97693 a composite number?
True
Is 8357 a composite number?
True
Is 89491 composite?
False
Is 12431 a composite number?
True
Is 8801 a prime number?
False
Is 4061 a composite number?
True
Is 15727 a prime number?
True
Is 33931 a prime number?
True
Is 149757 a prime number?
False
Is 91727 a prime number?
False
Is 46489 composite?
False
Is 3683 prime?
False
Is 351151 a prime number?
True
Is 20771 a prime number?
True
Is 284365 a prime number?
False
Is 1688903 a prime number?
True
Is 142469 prime?
True
Is 4373 a prime number?
True
Is 165079 composite?
False
Is 1570951 a prime number?
True
Is 5167 prime?
True
Is 955297 a composite number?
True
Is 2924551 a composite number?
True
Is 16239 prime?
False
Is 4526417 a composite number?
True
Is 55433 a composite number?
True
Is 9301 prime?
False
Is 1567 a prime number?
True
Is 569809 prime?
True
Is 1657 prime?
True
Is 80879 prime?
False
Is 4259 a composite number?
False
Is 450451 composite?
False
Is 320279 a prime number?
False
Is 23269 a prime number?
True
Is 1443671 prime?
False
Is 103657 prime?
True
Is 153191 a composite number?
False
Is 6547 a prime number?
True
Is 1144261 a composite number?
False
Is 14527 composite?
True
Is 413 prime?
False
Is 124291 a prime number?
True
Is 7817 a prime number?
True
Is 3777 a composite number?
True
Is 12689 a prime number?
True
Is 42241 composite?
True
Is 5981 a prime number?
True
Is 327151 prime?
False
Is 4999 prime?
True
Is 1021199 prime?
True
Is 464479 a prime number?
True
Is 1068853 composite?
True
Is 133573 a composite number?
True
Is 1293 a prime number?
False
Is 9598 a composite number?
True
Is 1151 composite?
False
Is 2453 a composite number?
True
Is 160957 a composite number?
True
Is 112649 prime?
False
Is 142523 a prime number?
False
Is 1175683 prime?
True
Is 123749 a prime number?
False
Is 808063 a composite number?
True
Is 4369 prime?
False
Is 37667 prime?
False
Is 80521 prime?
False
Is 142601 a composite number?
False
Is 1437 prime?
False
Is 9179 a composite number?
True
Is 531501 composite?
True
Is 316023 a composite number?
True
Is 45519 prime?
False
Is 15445 prime?
False
Is 21377 composite?
False
Is 68519 a composite number?
True
Is 257 composite?
False
Is 121271 a prime number?
True
Is 189494 a prime number?
False
Is 2372351 prime?
False
Is 24005 a prime number?
False
Is 13963 a prime number?
True
Is 59181 a composite number?
True
Is 40017 a composite number?
True
Is 260527 prime?
True
Is 6387 a prime number?
False
Is 5077 a composite number?
False
Is 304679 prime?
False
Is 602858 prime?
False
Is 57557 prime?
True
Is 27821 a composite number?
True
Is 37907 a prime number?
True
Is 1009 composite?
False
Is 47999 prime?
False
Is 15997 a prime number?
False
Is 1367 a prime number?
True
Is 4535 a prime number?
False
Is 1511 a prime number?
True
Is 742333 prime?
True
Is 49019 a prime number?
True
Is 516799 a prime number?
False
Is 120287 prime?
False
Is 6255895 prime?
False
Is 11329 prime?
True
Is 206123 a composite number?
False
Is 3571 composite?
False
Is 268661 prime?
True
Is 103787 a composite number?
False
Is 199 prime?
True
Is 25427 a composite number?
True
Is 115301 a composite number?
False
Is 24031 composite?
True
Is 7993 composite?
False
Is 2620595 composite?
True
Is 9997 a composite number?
True
Is 49641 prime?
False
Is 789 a composite number?
True
Is 270806 a composite number?
True
Is 1207 a composite number?
True
Is 53773 prime?
True
Is 17077 composite?
False
Is 5325059 composite?
False
Is 3365 a prime number?
False
Is 3695 a composite number?
True
Is 12419 a prime number?
False
Is 13561 a prime number?
False
Is 907 composite?
False
Is 174927 prime?
False
Is 1217 a composite number?
False
Is 2517 a prime number?
False
Is 1144487 composite?
True
Is 14047 prime?
False
Is 160579 a prime number?
True
Is 6485 composite?
True
Is 84353 prime?
False
Is 12491 a prime number?
True
Is 641 a prime number?
True
Is 5227 a prime number?
Tru